{"id":452,"date":"2026-03-10T11:10:44","date_gmt":"2026-03-10T10:10:44","guid":{"rendered":"https:\/\/www.evomed.com.pl\/warszawa2\/?page_id=452"},"modified":"2026-03-10T11:31:21","modified_gmt":"2026-03-10T10:31:21","slug":"poradnia-medycyny-sportowej","status":"publish","type":"page","link":"https:\/\/www.evomed.com.pl\/warszawa2\/poradnia-medycyny-sportowej\/","title":{"rendered":"Poradnia medycyny sportowej"},"content":{"rendered":"\n<div class=\"wp-block-columns is-layout-flex wp-container-core-columns-is-layout-9d6595d7 wp-block-columns-is-layout-flex\">\n<div class=\"wp-block-column is-layout-flow wp-block-column-is-layout-flow\">\n<div class=\"wp-block-my-custom-container moai-wrapper mbhc mbvc mbcv  mbpl mbpr mbpt mbpb mbcon rcorner p has-white-color has-podstawowy-background-color has-text-color has-background has-link-color wp-elements-7f0ca11205139f2e8ecff9c38e128966\">\n<h1 class=\"wp-block-heading hbig\">Poradnia medycyny sportowej<\/h1>\n\n\n\n<p class=\"has-text-align-left\">Zapraszamy sportowc\u00f3w, uczestnik\u00f3w klub\u00f3w sportowych, szk\u00f3\u0142 sportowych na badania z zakresu medycyny sportowej. Centrum Medyczne EVOMED \u015bwiadczy us\u0142ugi (doro\u015bli i dzieci) komercyjne z zakresu medycyny sportowej (koszyk\u00f3wka, boks, pi\u0142ka r\u0119czna, no\u017cna, siatk\u00f3wka, taekwondo, karate, p\u0142ywanie, itp.)<\/p>\n\n\n\n<p class=\"has-text-align-left\">Na terenie plac\u00f3wki w spos\u00f3b szybki i sprawny przeprowadzamy badania <strong>i konsultacje niezb\u0119dne do wystawienia orzeczenia przez lekarza medycyny sportowej.<\/strong><\/p>\n<\/div>\n<\/div>\n\n\n\n<div class=\"wp-block-column flexcollumn is-layout-flow wp-block-column-is-layout-flow\">\n<div class=\"wp-block-my-custom-container moai-wrapper mbhc mbvc mbcv  mbpl mbpr mbpt mbpb mbcon rcorner has-white-color has-uzupelniajacy-background-color has-text-color has-background has-link-color wp-elements-74bac0f267695284c6e343cef82afa59\">\n<h2 class=\"wp-block-heading hbig\">Na terenie plac\u00f3wki mo\u017cna wykona\u0107:<\/h2>\n\n\n\n<ul class=\"wp-block-list ulmenu\">\n<li><strong>badania laboratoryjne<\/strong><\/li>\n\n\n\n<li><strong>badania diagnostyczne<\/strong><\/li>\n\n\n\n<li><strong>konsultacje specjalistyczne<\/strong><\/li>\n\n\n\n<li><strong>pomoc psychologiczna<\/strong><\/li>\n<\/ul>\n<\/div>\n<\/div>\n<\/div>\n\n\n\n<div style=\"height:100px\" aria-hidden=\"true\" class=\"wp-block-spacer is-style-m-spacerfull\"><\/div>\n\n\n\n<div class=\"wp-block-my-custom-container moai-wrapper mbhc mbvc mbcv  mbpt mbpb mbcon has-gray-background-color has-background\">\n<h3 class=\"wp-block-heading has-text-align-center\">Rejestracja \/ kontakt<\/h3>\n\n\n\n<div class=\"wp-block-columns alignfull kontaktwrap is-style-m-gap divline is-layout-flex wp-container-core-columns-is-layout-9d6595d7 wp-block-columns-is-layout-flex\">\n<div class=\"wp-block-column is-layout-flow wp-block-column-is-layout-flow\">\n<h4 class=\"wp-block-heading has-text-align-center\">EVOMED, ul. Wile\u0144ska 18<br>Warszawa 03-416<\/h4>\n\n\n\n<p class=\"has-text-align-center\">(wej\u015bcie do\u00a0przychodni od\u00a0Al.\u00a0Solidarno\u015bci)<\/p>\n\n\n\n<p class=\"has-text-align-center\"><strong>Rejestracja:<\/strong><br>tel.:\u00a0<a href=\"tel:22%20473%2089%2037\">22 473 89 37<\/a><br>tel.:\u00a0<a href=\"tel:22%20473%2087%2094\">22 473 87 94<\/a><br>e-mail:\u00a0rejestracja.wilenska@evomed.com.pl<\/p>\n<\/div>\n<\/div>\n\n\n\n<h3 class=\"wp-block-heading has-text-align-center\">Poznaj naszych specjalist\u00f3w<\/h3>\n\n\n\n<div class=\"wp-block-buttons is-content-justification-center is-layout-flex wp-container-core-buttons-is-layout-16018d1d wp-block-buttons-is-layout-flex\">\n<div class=\"wp-block-button\"><a class=\"wp-block-button__link has-uzupelniajacy-background-color has-background wp-element-button\" href=\"\/warszawa2\/nasi-specjalisci\/?specjalisci=medycyna-sportowa\">Znajd\u017a lekarza<\/a><\/div>\n<\/div>\n<\/div>\n\n\n\n<p><\/p>\n","protected":false},"excerpt":{"rendered":"","protected":false},"author":1,"featured_media":0,"parent":0,"menu_order":0,"comment_status":"closed","ping_status":"closed","template":"","meta":{"_acf_changed":false,"inline_featured_image":false,"footnotes":""},"class_list":["post-452","page","type-page","status-publish","hentry"],"acf":[],"yoast_head":"<!-- This site is optimized with the Yoast SEO plugin v27.2 - https:\/\/yoast.com\/product\/yoast-seo-wordpress\/ -->\n<title>Poradnia medycyny sportowej - Warszawa<\/title>\n<meta name=\"robots\" content=\"index, follow, max-snippet:-1, max-image-preview:large, max-video-preview:-1\" \/>\n<link rel=\"canonical\" href=\"https:\/\/www.evomed.com.pl\/warszawa2\/poradnia-medycyny-sportowej\/\" \/>\n<meta property=\"og:locale\" content=\"pl_PL\" \/>\n<meta property=\"og:type\" content=\"article\" \/>\n<meta property=\"og:title\" content=\"Poradnia medycyny sportowej - Warszawa\" \/>\n<meta property=\"og:url\" content=\"https:\/\/www.evomed.com.pl\/warszawa2\/poradnia-medycyny-sportowej\/\" \/>\n<meta property=\"og:site_name\" content=\"Warszawa\" \/>\n<meta property=\"article:modified_time\" content=\"2026-03-10T10:31:21+00:00\" \/>\n<meta name=\"twitter:card\" content=\"summary_large_image\" \/>\n<meta name=\"twitter:label1\" content=\"Szacowany czas czytania\" \/>\n\t<meta name=\"twitter:data1\" content=\"1 minuta\" \/>\n<script type=\"application\/ld+json\" class=\"yoast-schema-graph\">{\"@context\":\"https:\/\/schema.org\",\"@graph\":[{\"@type\":\"WebPage\",\"@id\":\"https:\/\/www.evomed.com.pl\/warszawa2\/poradnia-medycyny-sportowej\/\",\"url\":\"https:\/\/www.evomed.com.pl\/warszawa2\/poradnia-medycyny-sportowej\/\",\"name\":\"Poradnia medycyny sportowej - Warszawa\",\"isPartOf\":{\"@id\":\"https:\/\/www.evomed.com.pl\/warszawa2\/#website\"},\"datePublished\":\"2026-03-10T10:10:44+00:00\",\"dateModified\":\"2026-03-10T10:31:21+00:00\",\"breadcrumb\":{\"@id\":\"https:\/\/www.evomed.com.pl\/warszawa2\/poradnia-medycyny-sportowej\/#breadcrumb\"},\"inLanguage\":\"pl-PL\",\"potentialAction\":[{\"@type\":\"ReadAction\",\"target\":[\"https:\/\/www.evomed.com.pl\/warszawa2\/poradnia-medycyny-sportowej\/\"]}]},{\"@type\":\"BreadcrumbList\",\"@id\":\"https:\/\/www.evomed.com.pl\/warszawa2\/poradnia-medycyny-sportowej\/#breadcrumb\",\"itemListElement\":[{\"@type\":\"ListItem\",\"position\":1,\"name\":\"Strona g\u0142\u00f3wna\",\"item\":\"https:\/\/www.evomed.com.pl\/warszawa2\/\"},{\"@type\":\"ListItem\",\"position\":2,\"name\":\"Poradnia medycyny sportowej\"}]},{\"@type\":\"WebSite\",\"@id\":\"https:\/\/www.evomed.com.pl\/warszawa2\/#website\",\"url\":\"https:\/\/www.evomed.com.pl\/warszawa2\/\",\"name\":\"Warszawa\",\"description\":\"\",\"potentialAction\":[{\"@type\":\"SearchAction\",\"target\":{\"@type\":\"EntryPoint\",\"urlTemplate\":\"https:\/\/www.evomed.com.pl\/warszawa2\/?s={search_term_string}\"},\"query-input\":{\"@type\":\"PropertyValueSpecification\",\"valueRequired\":true,\"valueName\":\"search_term_string\"}}],\"inLanguage\":\"pl-PL\"}]}<\/script>\n<!-- \/ Yoast SEO plugin. -->","yoast_head_json":{"title":"Poradnia medycyny sportowej - Warszawa","robots":{"index":"index","follow":"follow","max-snippet":"max-snippet:-1","max-image-preview":"max-image-preview:large","max-video-preview":"max-video-preview:-1"},"canonical":"https:\/\/www.evomed.com.pl\/warszawa2\/poradnia-medycyny-sportowej\/","og_locale":"pl_PL","og_type":"article","og_title":"Poradnia medycyny sportowej - Warszawa","og_url":"https:\/\/www.evomed.com.pl\/warszawa2\/poradnia-medycyny-sportowej\/","og_site_name":"Warszawa","article_modified_time":"2026-03-10T10:31:21+00:00","twitter_card":"summary_large_image","twitter_misc":{"Szacowany czas czytania":"1 minuta"},"schema":{"@context":"https:\/\/schema.org","@graph":[{"@type":"WebPage","@id":"https:\/\/www.evomed.com.pl\/warszawa2\/poradnia-medycyny-sportowej\/","url":"https:\/\/www.evomed.com.pl\/warszawa2\/poradnia-medycyny-sportowej\/","name":"Poradnia medycyny sportowej - Warszawa","isPartOf":{"@id":"https:\/\/www.evomed.com.pl\/warszawa2\/#website"},"datePublished":"2026-03-10T10:10:44+00:00","dateModified":"2026-03-10T10:31:21+00:00","breadcrumb":{"@id":"https:\/\/www.evomed.com.pl\/warszawa2\/poradnia-medycyny-sportowej\/#breadcrumb"},"inLanguage":"pl-PL","potentialAction":[{"@type":"ReadAction","target":["https:\/\/www.evomed.com.pl\/warszawa2\/poradnia-medycyny-sportowej\/"]}]},{"@type":"BreadcrumbList","@id":"https:\/\/www.evomed.com.pl\/warszawa2\/poradnia-medycyny-sportowej\/#breadcrumb","itemListElement":[{"@type":"ListItem","position":1,"name":"Strona g\u0142\u00f3wna","item":"https:\/\/www.evomed.com.pl\/warszawa2\/"},{"@type":"ListItem","position":2,"name":"Poradnia medycyny sportowej"}]},{"@type":"WebSite","@id":"https:\/\/www.evomed.com.pl\/warszawa2\/#website","url":"https:\/\/www.evomed.com.pl\/warszawa2\/","name":"Warszawa","description":"","potentialAction":[{"@type":"SearchAction","target":{"@type":"EntryPoint","urlTemplate":"https:\/\/www.evomed.com.pl\/warszawa2\/?s={search_term_string}"},"query-input":{"@type":"PropertyValueSpecification","valueRequired":true,"valueName":"search_term_string"}}],"inLanguage":"pl-PL"}]}},"_links":{"self":[{"href":"https:\/\/www.evomed.com.pl\/warszawa2\/wp-json\/wp\/v2\/pages\/452","targetHints":{"allow":["GET"]}}],"collection":[{"href":"https:\/\/www.evomed.com.pl\/warszawa2\/wp-json\/wp\/v2\/pages"}],"about":[{"href":"https:\/\/www.evomed.com.pl\/warszawa2\/wp-json\/wp\/v2\/types\/page"}],"author":[{"embeddable":true,"href":"https:\/\/www.evomed.com.pl\/warszawa2\/wp-json\/wp\/v2\/users\/1"}],"replies":[{"embeddable":true,"href":"https:\/\/www.evomed.com.pl\/warszawa2\/wp-json\/wp\/v2\/comments?post=452"}],"version-history":[{"count":5,"href":"https:\/\/www.evomed.com.pl\/warszawa2\/wp-json\/wp\/v2\/pages\/452\/revisions"}],"predecessor-version":[{"id":467,"href":"https:\/\/www.evomed.com.pl\/warszawa2\/wp-json\/wp\/v2\/pages\/452\/revisions\/467"}],"wp:attachment":[{"href":"https:\/\/www.evomed.com.pl\/warszawa2\/wp-json\/wp\/v2\/media?parent=452"}],"curies":[{"name":"wp","href":"https:\/\/api.w.org\/{rel}","templated":true}]}}