{"id":941,"date":"2025-03-30T21:32:47","date_gmt":"2025-03-30T19:32:47","guid":{"rendered":"https:\/\/www.evomed.com.pl\/szczecin\/?page_id=941"},"modified":"2025-06-24T12:40:04","modified_gmt":"2025-06-24T10:40:04","slug":"rehabilitacja-pyrzyce","status":"publish","type":"page","link":"https:\/\/www.evomed.com.pl\/szczecin\/rehabilitacja-pyrzyce\/","title":{"rendered":"Specjalistyczna Klinika Rehabilitacji stacjonarnejw Pyrzycach"},"content":{"rendered":"\n<div class=\"wp-block-columns is-layout-flex wp-container-core-columns-is-layout-9d6595d7 wp-block-columns-is-layout-flex\">\n<div class=\"wp-block-column is-layout-flow wp-block-column-is-layout-flow\">\n<div class=\"wp-block-columns is-layout-flex wp-container-core-columns-is-layout-9d6595d7 wp-block-columns-is-layout-flex\">\n<div class=\"wp-block-column is-layout-flow wp-block-column-is-layout-flow\">\n<div class=\"wp-block-my-custom-container moai-wrapper mbhc mbvc mbcov  mbpl mbpr mbpt mbpb iheader\" style=\"background-image:url(https:\/\/www.evomed.com.pl\/szczecin\/wp-content\/uploads\/sites\/3\/2025\/06\/evomed_83s-scaled.jpg)\">\n<figure class=\"wp-block-image size-large is-resized\"><img decoding=\"async\" src=\"https:\/\/www.evomed.com.pl\/szczecin\/wp-content\/uploads\/sites\/3\/2025\/03\/krzyz.svg\" alt=\"\" class=\"wp-image-1006\" style=\"width:150px\"><\/figure>\n<\/div>\n<\/div>\n<\/div>\n<\/div>\n<\/div>\n\n\n\n<div class=\"wp-block-my-custom-container moai-wrapper mbhc mbvc mbcv  mbpr mbpl mbpt mbcon rcorner has-white-background-color has-background\">\n<div class=\"wp-block-columns is-layout-flex wp-container-core-columns-is-layout-9d6595d7 wp-block-columns-is-layout-flex\">\n<div class=\"wp-block-column is-layout-flow wp-block-column-is-layout-flow\">\n<h1 class=\"wp-block-heading\">Specjalistyczna Klinika<br>Rehabilitacji stacjonarnej<br>w Pyrzycach<\/h1>\n\n\n\n<h2 class=\"wp-block-heading has-uzupelniajacy-color has-text-color has-link-color wp-elements-53b949f37724fd46d03947321f0d11c5\">Poradnia rehabilitacji specjalizuje si\u0119 w leczeniu pacjent\u00f3w z problemami b\u00f3lowymi uk\u0142adu narz\u0105du ruchu. Podczas wizyty lekarz na podstawie badania i dokumentacji medycznej zleca zabiegi i procedury rehabilitacyjne:<\/h2>\n\n\n\n<p><strong>Zakres pomocy:<\/strong><\/p>\n\n\n\n<ul class=\"wp-block-list\">\n<li>Dolegliwo\u015bci b\u00f3lowe staw\u00f3w obwodowych<\/li>\n\n\n\n<li>Dolegliwo\u015bci b\u00f3lowe kr\u0119gos\u0142upa<\/li>\n\n\n\n<li>Stany po urazach i zabiegach ortopedycznych<\/li>\n\n\n\n<li>Zmiany zwyrodnieniowe i stany przeci\u0105\u017ceniowe<\/li>\n\n\n\n<li>Stany po udarach m\u00f3zgu<\/li>\n<\/ul>\n\n\n\n<p><strong>Wymagane skierowanie:<\/strong><br>Tak od lekarza POZ lub lekarza specjalisty.<\/p>\n<\/div>\n\n\n\n<div class=\"wp-block-column is-layout-flow wp-block-column-is-layout-flow\">\n<h2 class=\"wp-block-heading has-uzupelniajacy-color has-text-color has-link-color wp-elements-2a795ede285b28ce2132a5eb0d979caf\">Rehabilitacja ambulatoryjna<br>(NFZ i Komercyjnie)<\/h2>\n\n\n\n<p>Cykl zabieg\u00f3w rehablitacyjnych (zazwyczaj 10 cio dniowy) zleconych przez lekarza lub fizjoterapeut\u0119. Podczas cyklu wykonuje si\u0119 wszelkiego rodzaju zabiegi fizykalne (np. pr\u0105dy, laseroterapi\u0119, magnetoterapi\u0119, krioterapi\u0119, hydroterpi\u0119 itp.) , \u0107wiczenia ruchowe oraz masa\u017ce<\/p>\n\n\n\n<p><strong>Zakres pomocy:<\/strong><\/p>\n\n\n\n<ul class=\"wp-block-list\">\n<li>Dolegliwo\u015bci b\u00f3lowe staw\u00f3w obwodowych<\/li>\n\n\n\n<li>Dolegliwo\u015bci b\u00f3lowe kr\u0119gos\u0142upa<\/li>\n\n\n\n<li>Stany po urazach i zabiegach ortopedycznych<\/li>\n\n\n\n<li>Zmiany zwyrodnieniowe i stany przeci\u0105\u017ceniowe<\/li>\n\n\n\n<li>Stany po udarach m\u00f3zgu<\/li>\n<\/ul>\n\n\n\n<p><strong>Wymagane skierowanie:<\/strong><br>Realizacja NFZ \u2013 skierowanie od lekarza POZ lub lekarza specjalisty.<br>Realizacja komercyjne \u2013 skierowanie od lekarza POZ, lekarza specjalisty lub mgr fizjoterapii.<\/p>\n<\/div>\n<\/div>\n<\/div>\n\n\n\n<div style=\"height:100px\" aria-hidden=\"true\" class=\"wp-block-spacer is-style-m-spacerhalf\"><\/div>\n\n\n\n<div class=\"wp-block-columns is-layout-flex wp-container-core-columns-is-layout-9d6595d7 wp-block-columns-is-layout-flex\">\n<div class=\"wp-block-column is-layout-flow wp-block-column-is-layout-flow\">\n<figure class=\"wp-block-image size-large is-style-m-cover rcorner\"><img loading=\"lazy\" decoding=\"async\" width=\"1024\" height=\"991\" src=\"https:\/\/www.evomed.com.pl\/szczecin\/wp-content\/uploads\/sites\/3\/2025\/05\/shutterstock_2301505175b-1024x991.jpg\" alt=\"\" class=\"wp-image-1233\" srcset=\"https:\/\/www.evomed.com.pl\/szczecin\/wp-content\/uploads\/sites\/3\/2025\/05\/shutterstock_2301505175b-1024x991.jpg 1024w, https:\/\/www.evomed.com.pl\/szczecin\/wp-content\/uploads\/sites\/3\/2025\/05\/shutterstock_2301505175b-300x290.jpg 300w, https:\/\/www.evomed.com.pl\/szczecin\/wp-content\/uploads\/sites\/3\/2025\/05\/shutterstock_2301505175b-768x743.jpg 768w, https:\/\/www.evomed.com.pl\/szczecin\/wp-content\/uploads\/sites\/3\/2025\/05\/shutterstock_2301505175b-1536x1486.jpg 1536w, https:\/\/www.evomed.com.pl\/szczecin\/wp-content\/uploads\/sites\/3\/2025\/05\/shutterstock_2301505175b-2048x1982.jpg 2048w, https:\/\/www.evomed.com.pl\/szczecin\/wp-content\/uploads\/sites\/3\/2025\/05\/shutterstock_2301505175b-40x40.jpg 40w, https:\/\/www.evomed.com.pl\/szczecin\/wp-content\/uploads\/sites\/3\/2025\/05\/shutterstock_2301505175b-1116x1080.jpg 1116w, https:\/\/www.evomed.com.pl\/szczecin\/wp-content\/uploads\/sites\/3\/2025\/05\/shutterstock_2301505175b-227x220.jpg 227w, https:\/\/www.evomed.com.pl\/szczecin\/wp-content\/uploads\/sites\/3\/2025\/05\/shutterstock_2301505175b-980x948.jpg 980w, https:\/\/www.evomed.com.pl\/szczecin\/wp-content\/uploads\/sites\/3\/2025\/05\/shutterstock_2301505175b-1920x1858.jpg 1920w, https:\/\/www.evomed.com.pl\/szczecin\/wp-content\/uploads\/sites\/3\/2025\/05\/shutterstock_2301505175b-155x150.jpg 155w, https:\/\/www.evomed.com.pl\/szczecin\/wp-content\/uploads\/sites\/3\/2025\/05\/shutterstock_2301505175b-1568x1517.jpg 1568w\" sizes=\"auto, (max-width: 1024px) 100vw, 1024px\"><\/figure>\n<\/div>\n\n\n\n<div class=\"wp-block-column is-layout-flow wp-block-column-is-layout-flow\">\n<div class=\"wp-block-my-custom-container moai-wrapper mbhc mbvc mbcv  mbpl mbpt mbpb mbpr mbcon rcorner has-white-color has-uzupelniajacy-background-color has-text-color has-background has-link-color wp-elements-4b889778bfaaf1fbc22aaee8fbd46ef0\">\n<h2 class=\"wp-block-heading\">Rehabilitacja na oddziale dziennym<\/h2>\n\n\n\n<p>Rehabilitacja trwaj\u0105ca zazwyczaj 20 dni zabiegowych ukierunkowana na leczenia stan\u00f3w pozabiegowych i ostrych, wymagaj\u0105cych szybkiej terapii. W trakcie cyklu rehabilitacyjnego pacjent obj\u0119ty jest procesem rehabilitacji og\u00f3lnoustrojowej kt\u00f3ra ma na celu popraw\u0119 funkcji ruchowych i zmniejszenie dolegliwo\u015bci b\u00f3lowych.<\/p>\n\n\n\n<p><strong>Zakres pomocy:<\/strong><\/p>\n\n\n\n<ul class=\"wp-block-list\">\n<li>Dolegliwo\u015bci b\u00f3lowe staw\u00f3w obwodowych<\/li>\n\n\n\n<li>Dolegliwo\u015bci b\u00f3lowe kr\u0119gos\u0142upa<\/li>\n\n\n\n<li>Stany po urazach i zabiegach ortopedycznych<\/li>\n\n\n\n<li>Zmiany zwyrodnieniowe i stany przeci\u0105\u017ceniowe<\/li>\n\n\n\n<li>Stany po udarach m\u00f3zgu<\/li>\n<\/ul>\n\n\n\n<p><strong>Wymagane skierowanie:<\/strong><br>Tak \u2013 tylko od lekarza specjalisty. Lekarz POZ nie mo\u017ce kierowa\u0107 pacjenta na oddzia\u0142 dzienny rehabilitacji<\/p>\n<\/div>\n<\/div>\n<\/div>\n\n\n\n<div style=\"height:100px\" aria-hidden=\"true\" class=\"wp-block-spacer is-style-m-spacerhalf\"><\/div>\n\n\n\n<div class=\"wp-block-columns is-layout-flex wp-container-core-columns-is-layout-9d6595d7 wp-block-columns-is-layout-flex\">\n<div class=\"wp-block-column is-layout-flow wp-block-column-is-layout-flow\">\n<div class=\"wp-block-my-custom-container moai-wrapper mbhc mbvc mbcv  mbpl mbpr mbpt mbpb mbcon rcorner p h100 has-gray-background-color has-background\">\n<h3 class=\"wp-block-heading has-text-align-center\">Plac\u00f3wka \/ Kontakt<\/h3>\n\n\n\n<h4 class=\"wp-block-heading has-text-align-center\">ul. Kwiatowa 2, Pyrzyce<\/h4>\n\n\n\n<p class=\"has-text-align-center\"><strong>Rejestracja:<\/strong><br>tel.:<strong> <\/strong>506 658 738<br>pyrzyce@evomed.com.pl<\/p>\n\n\n\n<p class=\"has-text-align-center\">Rejestracja telefoniczna<br>czynna od godziny 8:00-18:00<\/p>\n<\/div>\n<\/div>\n\n\n\n<div class=\"wp-block-column flexcollumn is-layout-flow wp-block-column-is-layout-flow\">\n<div class=\"wp-block-my-custom-container moai-wrapper mbhc mbvc mbcv  mbpl mbpr mbpt mbpb mbcon rcorner p has-gray-background-color has-background\">\n<h3 class=\"wp-block-heading has-text-align-left\">Informacje<\/h3>\n\n\n\n<ul class=\"wp-block-list\">\n<li>Turnusy rozpoczynaj\u0105 si\u0119 przyjazdem do Kliniki<\/li>\n\n\n\n<li>w niedziel\u0119 (od godz. 16:00).<\/li>\n\n\n\n<li>Od poniedzia\u0142ku do soboty realizowany jest indywidualny plan rehabilitacyjny.<\/li>\n\n\n\n<li>W cenie turnusu znajduj\u0105 si\u0119 trzy posi\u0142ki dziennie.<\/li>\n\n\n\n<li>Ka\u017cdy pok\u00f3j posiada w\u0142asn\u0105 \u0142azienk\u0119, czajnik i dost\u0119p do sieci WI-FI.<\/li>\n\n\n\n<li>W cenie uwzgl\u0119dniony jest darmowy parking.<\/li>\n\n\n\n<li>Opiekunowie nie s\u0105 obj\u0119ci zabiegami rehabilitacyjnymi.<\/li>\n<\/ul>\n<\/div>\n<\/div>\n<\/div>\n\n\n\n<div style=\"height:100px\" aria-hidden=\"true\" class=\"wp-block-spacer is-style-m-spacerhalf\"><\/div>\n\n\n\n<div class=\"wp-block-columns is-layout-flex wp-container-core-columns-is-layout-9d6595d7 wp-block-columns-is-layout-flex\">\n<div class=\"wp-block-column is-layout-flow wp-block-column-is-layout-flow\">\n<div class=\"wp-block-my-custom-container moai-wrapper mbhc mbvc mbcv  mbpt mbpb mbplx2 mbprx2 mbcon rcorner has-white-color has-uzupelniajacy-background-color has-text-color has-background has-link-color wp-elements-9c4c62bd0544ea2925557cc91d1f1355\">\n<h2 class=\"wp-block-heading has-text-align-center hbig\">Cennik<\/h2>\n\n\n\n<p class=\"has-text-align-center\">Koszt pobytu wyceniany jest indywidualnie, zale\u017cnie od potrzeb i mo\u017cliwo\u015bci Pacjenta. Koszt turnusu 7-dniowego rozpoczyna si\u0119 od 2500 z\u0142. Istnieje mo\u017cliwo\u015b\u0107 wprowadzenia planu ACTIVE, kt\u00f3ry zak\u0142ada wi\u0119ksz\u0105 ilo\u015b\u0107 zabieg\u00f3w i konsultacji. <strong>Przed\u0142u\u017cenie pobytu dowolnego turnusu: rabat do 15%<\/strong><\/p>\n<\/div>\n<\/div>\n<\/div>\n\n\n\n<div style=\"height:100px\" aria-hidden=\"true\" class=\"wp-block-spacer is-style-m-spacerhalf\"><\/div>\n","protected":false},"excerpt":{"rendered":"","protected":false},"author":1,"featured_media":0,"parent":0,"menu_order":0,"comment_status":"closed","ping_status":"closed","template":"","meta":{"_acf_changed":false,"inline_featured_image":false,"footnotes":""},"class_list":["post-941","page","type-page","status-publish","hentry"],"acf":[],"yoast_head":"<!-- This site is optimized with the Yoast SEO plugin v27.2 - https:\/\/yoast.com\/product\/yoast-seo-wordpress\/ -->\n<title>Specjalistyczna Klinika Rehabilitacji stacjonarnejw Pyrzycach - Evomed Szczecin<\/title>\n<meta name=\"robots\" content=\"index, follow, max-snippet:-1, max-image-preview:large, max-video-preview:-1\" \/>\n<link rel=\"canonical\" href=\"https:\/\/www.evomed.com.pl\/szczecin\/rehabilitacja-pyrzyce\/\" \/>\n<meta property=\"og:locale\" content=\"pl_PL\" \/>\n<meta property=\"og:type\" content=\"article\" \/>\n<meta property=\"og:title\" content=\"Specjalistyczna Klinika Rehabilitacji stacjonarnejw Pyrzycach - Evomed Szczecin\" \/>\n<meta property=\"og:url\" content=\"https:\/\/www.evomed.com.pl\/szczecin\/rehabilitacja-pyrzyce\/\" \/>\n<meta property=\"og:site_name\" content=\"Evomed Szczecin\" \/>\n<meta property=\"article:modified_time\" content=\"2025-06-24T10:40:04+00:00\" \/>\n<meta property=\"og:image\" content=\"https:\/\/www.evomed.com.pl\/szczecin\/wp-content\/uploads\/sites\/3\/2025\/03\/krzyz.svg\" \/>\n<meta name=\"twitter:card\" content=\"summary_large_image\" \/>\n<meta name=\"twitter:label1\" content=\"Szacowany czas czytania\" \/>\n\t<meta name=\"twitter:data1\" content=\"3 minuty\" \/>\n<script type=\"application\/ld+json\" class=\"yoast-schema-graph\">{\"@context\":\"https:\/\/schema.org\",\"@graph\":[{\"@type\":\"WebPage\",\"@id\":\"https:\/\/www.evomed.com.pl\/szczecin\/rehabilitacja-pyrzyce\/\",\"url\":\"https:\/\/www.evomed.com.pl\/szczecin\/rehabilitacja-pyrzyce\/\",\"name\":\"Specjalistyczna Klinika Rehabilitacji stacjonarnejw Pyrzycach - Evomed Szczecin\",\"isPartOf\":{\"@id\":\"https:\/\/www.evomed.com.pl\/szczecin\/#website\"},\"primaryImageOfPage\":{\"@id\":\"https:\/\/www.evomed.com.pl\/szczecin\/rehabilitacja-pyrzyce\/#primaryimage\"},\"image\":{\"@id\":\"https:\/\/www.evomed.com.pl\/szczecin\/rehabilitacja-pyrzyce\/#primaryimage\"},\"thumbnailUrl\":\"https:\/\/www.evomed.com.pl\/szczecin\/wp-content\/uploads\/sites\/3\/2025\/03\/krzyz.svg\",\"datePublished\":\"2025-03-30T19:32:47+00:00\",\"dateModified\":\"2025-06-24T10:40:04+00:00\",\"breadcrumb\":{\"@id\":\"https:\/\/www.evomed.com.pl\/szczecin\/rehabilitacja-pyrzyce\/#breadcrumb\"},\"inLanguage\":\"pl-PL\",\"potentialAction\":[{\"@type\":\"ReadAction\",\"target\":[\"https:\/\/www.evomed.com.pl\/szczecin\/rehabilitacja-pyrzyce\/\"]}]},{\"@type\":\"ImageObject\",\"inLanguage\":\"pl-PL\",\"@id\":\"https:\/\/www.evomed.com.pl\/szczecin\/rehabilitacja-pyrzyce\/#primaryimage\",\"url\":\"https:\/\/www.evomed.com.pl\/szczecin\/wp-content\/uploads\/sites\/3\/2025\/03\/krzyz.svg\",\"contentUrl\":\"https:\/\/www.evomed.com.pl\/szczecin\/wp-content\/uploads\/sites\/3\/2025\/03\/krzyz.svg\"},{\"@type\":\"BreadcrumbList\",\"@id\":\"https:\/\/www.evomed.com.pl\/szczecin\/rehabilitacja-pyrzyce\/#breadcrumb\",\"itemListElement\":[{\"@type\":\"ListItem\",\"position\":1,\"name\":\"Strona g\u0142\u00f3wna\",\"item\":\"https:\/\/www.evomed.com.pl\/szczecin\/\"},{\"@type\":\"ListItem\",\"position\":2,\"name\":\"Specjalistyczna Klinika Rehabilitacji stacjonarnejw Pyrzycach\"}]},{\"@type\":\"WebSite\",\"@id\":\"https:\/\/www.evomed.com.pl\/szczecin\/#website\",\"url\":\"https:\/\/www.evomed.com.pl\/szczecin\/\",\"name\":\"Evomed Szczecin\",\"description\":\"Kompleksowa wizja opieki medycznej\",\"potentialAction\":[{\"@type\":\"SearchAction\",\"target\":{\"@type\":\"EntryPoint\",\"urlTemplate\":\"https:\/\/www.evomed.com.pl\/szczecin\/?s={search_term_string}\"},\"query-input\":{\"@type\":\"PropertyValueSpecification\",\"valueRequired\":true,\"valueName\":\"search_term_string\"}}],\"inLanguage\":\"pl-PL\"}]}<\/script>\n<!-- \/ Yoast SEO plugin. -->","yoast_head_json":{"title":"Specjalistyczna Klinika Rehabilitacji stacjonarnejw Pyrzycach - Evomed Szczecin","robots":{"index":"index","follow":"follow","max-snippet":"max-snippet:-1","max-image-preview":"max-image-preview:large","max-video-preview":"max-video-preview:-1"},"canonical":"https:\/\/www.evomed.com.pl\/szczecin\/rehabilitacja-pyrzyce\/","og_locale":"pl_PL","og_type":"article","og_title":"Specjalistyczna Klinika Rehabilitacji stacjonarnejw Pyrzycach - Evomed Szczecin","og_url":"https:\/\/www.evomed.com.pl\/szczecin\/rehabilitacja-pyrzyce\/","og_site_name":"Evomed Szczecin","article_modified_time":"2025-06-24T10:40:04+00:00","og_image":[{"url":"https:\/\/www.evomed.com.pl\/szczecin\/wp-content\/uploads\/sites\/3\/2025\/03\/krzyz.svg","type":"","width":"","height":""}],"twitter_card":"summary_large_image","twitter_misc":{"Szacowany czas czytania":"3 minuty"},"schema":{"@context":"https:\/\/schema.org","@graph":[{"@type":"WebPage","@id":"https:\/\/www.evomed.com.pl\/szczecin\/rehabilitacja-pyrzyce\/","url":"https:\/\/www.evomed.com.pl\/szczecin\/rehabilitacja-pyrzyce\/","name":"Specjalistyczna Klinika Rehabilitacji stacjonarnejw Pyrzycach - Evomed Szczecin","isPartOf":{"@id":"https:\/\/www.evomed.com.pl\/szczecin\/#website"},"primaryImageOfPage":{"@id":"https:\/\/www.evomed.com.pl\/szczecin\/rehabilitacja-pyrzyce\/#primaryimage"},"image":{"@id":"https:\/\/www.evomed.com.pl\/szczecin\/rehabilitacja-pyrzyce\/#primaryimage"},"thumbnailUrl":"https:\/\/www.evomed.com.pl\/szczecin\/wp-content\/uploads\/sites\/3\/2025\/03\/krzyz.svg","datePublished":"2025-03-30T19:32:47+00:00","dateModified":"2025-06-24T10:40:04+00:00","breadcrumb":{"@id":"https:\/\/www.evomed.com.pl\/szczecin\/rehabilitacja-pyrzyce\/#breadcrumb"},"inLanguage":"pl-PL","potentialAction":[{"@type":"ReadAction","target":["https:\/\/www.evomed.com.pl\/szczecin\/rehabilitacja-pyrzyce\/"]}]},{"@type":"ImageObject","inLanguage":"pl-PL","@id":"https:\/\/www.evomed.com.pl\/szczecin\/rehabilitacja-pyrzyce\/#primaryimage","url":"https:\/\/www.evomed.com.pl\/szczecin\/wp-content\/uploads\/sites\/3\/2025\/03\/krzyz.svg","contentUrl":"https:\/\/www.evomed.com.pl\/szczecin\/wp-content\/uploads\/sites\/3\/2025\/03\/krzyz.svg"},{"@type":"BreadcrumbList","@id":"https:\/\/www.evomed.com.pl\/szczecin\/rehabilitacja-pyrzyce\/#breadcrumb","itemListElement":[{"@type":"ListItem","position":1,"name":"Strona g\u0142\u00f3wna","item":"https:\/\/www.evomed.com.pl\/szczecin\/"},{"@type":"ListItem","position":2,"name":"Specjalistyczna Klinika Rehabilitacji stacjonarnejw Pyrzycach"}]},{"@type":"WebSite","@id":"https:\/\/www.evomed.com.pl\/szczecin\/#website","url":"https:\/\/www.evomed.com.pl\/szczecin\/","name":"Evomed Szczecin","description":"Kompleksowa wizja opieki medycznej","potentialAction":[{"@type":"SearchAction","target":{"@type":"EntryPoint","urlTemplate":"https:\/\/www.evomed.com.pl\/szczecin\/?s={search_term_string}"},"query-input":{"@type":"PropertyValueSpecification","valueRequired":true,"valueName":"search_term_string"}}],"inLanguage":"pl-PL"}]}},"_links":{"self":[{"href":"https:\/\/www.evomed.com.pl\/szczecin\/wp-json\/wp\/v2\/pages\/941","targetHints":{"allow":["GET"]}}],"collection":[{"href":"https:\/\/www.evomed.com.pl\/szczecin\/wp-json\/wp\/v2\/pages"}],"about":[{"href":"https:\/\/www.evomed.com.pl\/szczecin\/wp-json\/wp\/v2\/types\/page"}],"author":[{"embeddable":true,"href":"https:\/\/www.evomed.com.pl\/szczecin\/wp-json\/wp\/v2\/users\/1"}],"replies":[{"embeddable":true,"href":"https:\/\/www.evomed.com.pl\/szczecin\/wp-json\/wp\/v2\/comments?post=941"}],"version-history":[{"count":24,"href":"https:\/\/www.evomed.com.pl\/szczecin\/wp-json\/wp\/v2\/pages\/941\/revisions"}],"predecessor-version":[{"id":1284,"href":"https:\/\/www.evomed.com.pl\/szczecin\/wp-json\/wp\/v2\/pages\/941\/revisions\/1284"}],"wp:attachment":[{"href":"https:\/\/www.evomed.com.pl\/szczecin\/wp-json\/wp\/v2\/media?parent=941"}],"curies":[{"name":"wp","href":"https:\/\/api.w.org\/{rel}","templated":true}]}}